{"id":1791,"date":"2018-05-24T21:47:36","date_gmt":"2018-05-24T19:47:36","guid":{"rendered":"http:\/\/192.168.1.104\/wordpress\/?page_id=1623"},"modified":"2018-05-24T21:47:36","modified_gmt":"2018-05-24T19:47:36","slug":"die-abteilung","status":"publish","type":"page","link":"http:\/\/www.judo-kaufbeuren.de\/newsBlog\/?page_id=1791","title":{"rendered":"Die Abteilung"},"content":{"rendered":"<ul>\n<li><i><b>Kurzchronik<\/b><\/i><\/li>\n<li style=\"list-style-type: none;\">\n<ul>\n<li>Die Judoabteilung des TV Kaufbeuren wurde 1953 unter der Rubrik Schwerathletik gegr\u00fcndet.<br \/>\nZu diesem Zeitpunkt lag die Teilnehmerzahl bei 10 Personen.<\/li>\n<li>1997 wurde der TV Kaufbeuren zum Bezirksst\u00fctzpunkt ernannt.<\/li>\n<li>2000 wurde Judoabteilung des TVK zum Au\u00dfenst\u00fctzpunkt des bayrischen Judoverbandes berufen.<\/li>\n<li>In den letzten Jahren brachte der TV Kaufbeuren eine stattliche Anzahl von Bezirksmeistern, s\u00fcdbayerischen, bayerischen, s\u00fcddeutschen Meistern und Teilnehmern bei den deutschen Meisterschaft hervor. Mit Susanne Pauly stellte der TV Kaufbeuren eine deutsche Vizemeisterin.<\/li>\n<li>Seit 1998 wird am Jakob-Brucker-Gymnasium Judo als Schulsport angeboten.<\/li>\n<\/ul>\n<\/li>\n<\/ul>\n<p>&nbsp;<\/p>\n<p><i><b>Welche Qualifikation haben unsere Trainer?<\/b><\/i><\/p>\n<ul>\n<li style=\"list-style-type: none;\">\n<ul>\n<li>Zwei Trainer sind im Besitz der Trainer-B-Lizenz.<\/li>\n<li>Zehn Trainer tragen den Titel Fach\u00fcbungsleiter.<\/li>\n<li>Im Bereich Kraft-Fitness verf\u00fcgen wir \u00fcber einen Fach\u00fcbungsleiter.<\/li>\n<li>Diese werden von vielen Helfern unterst\u00fctzt.<\/li>\n<\/ul>\n<\/li>\n<\/ul>\n<p>&nbsp;<\/p>\n","protected":false},"excerpt":{"rendered":"<p>Kurzchronik Die Judoabteilung des TV Kaufbeuren wurde 1953 unter der Rubrik Schwerathletik gegr\u00fcndet. Zu diesem Zeitpunkt lag die Teilnehmerzahl bei 10 Personen. 1997 wurde der TV Kaufbeuren zum Bezirksst\u00fctzpunkt ernannt. 2000 wurde Judoabteilung des TVK zum Au\u00dfenst\u00fctzpunkt des bayrischen Judoverbandes &hellip; <a href=\"http:\/\/www.judo-kaufbeuren.de\/newsBlog\/?page_id=1791\">Weiterlesen <span class=\"meta-nav\">&rarr;<\/span><\/a><\/p>\n","protected":false},"author":2,"featured_media":0,"parent":0,"menu_order":0,"comment_status":"closed","ping_status":"closed","template":"","meta":{"footnotes":""},"_links":{"self":[{"href":"http:\/\/www.judo-kaufbeuren.de\/newsBlog\/index.php?rest_route=\/wp\/v2\/pages\/1791"}],"collection":[{"href":"http:\/\/www.judo-kaufbeuren.de\/newsBlog\/index.php?rest_route=\/wp\/v2\/pages"}],"about":[{"href":"http:\/\/www.judo-kaufbeuren.de\/newsBlog\/index.php?rest_route=\/wp\/v2\/types\/page"}],"author":[{"embeddable":true,"href":"http:\/\/www.judo-kaufbeuren.de\/newsBlog\/index.php?rest_route=\/wp\/v2\/users\/2"}],"replies":[{"embeddable":true,"href":"http:\/\/www.judo-kaufbeuren.de\/newsBlog\/index.php?rest_route=%2Fwp%2Fv2%2Fcomments&post=1791"}],"version-history":[{"count":0,"href":"http:\/\/www.judo-kaufbeuren.de\/newsBlog\/index.php?rest_route=\/wp\/v2\/pages\/1791\/revisions"}],"wp:attachment":[{"href":"http:\/\/www.judo-kaufbeuren.de\/newsBlog\/index.php?rest_route=%2Fwp%2Fv2%2Fmedia&parent=1791"}],"curies":[{"name":"wp","href":"https:\/\/api.w.org\/{rel}","templated":true}]}}