{"id":256,"date":"2011-06-18T22:09:57","date_gmt":"2011-06-18T20:09:57","guid":{"rendered":"http:\/\/www.judo-kaufbeuren.de\/newsBlog\/?page_id=256"},"modified":"2025-04-07T22:02:09","modified_gmt":"2025-04-07T20:02:09","slug":"trainingszeiten","status":"publish","type":"page","link":"http:\/\/www.judo-kaufbeuren.de\/newsBlog\/?page_id=256","title":{"rendered":"Trainingszeiten"},"content":{"rendered":"\n<p><\/p>\n\n\n<div style=\"text-align: left; margin-left: 2%;\">\n<p><!--\n\n\n\n\n\n\n<tr>\n\n\n\n\n\n\n<td height=\"36\" bordercolor=\"#000066\"><strong><em><font color=\"#FFFFFF\">19:30-21:30\nUhr<\/font><\/em><\/strong><\/td>\n\n\n\n\n\n\n\n\n\n\n\n\n<td width=\"32%\" bordercolor=\"#000066\"><font color=\"#FFFFFF\">St\u00fctzpunkttraining<\/font><\/td>\n\n\n\n\n\n\n\n\n\n\n\n\n<td width=\"41%\" bordercolor=\"#000066\">\n\n\n\n\n\n\n<div align=\"center\"><a href=\"stuetzpunkt.htm\"><font color=\"#0000FF\"><strong>Immer\nletzter Freitag\nim Monat<\/strong><\/font><\/a> <font color=\"#0033FF\"><strong>(siehe\nSt\u00fctzpunkt)<\/strong><\/font><\/div>\n\n\n\n\n\n<\/td>\n\n\n\n\n\n\n<\/tr>\n\n\n\n\n\n\n--><\/p>\n<table border=\"2\" width=\"100%\" bgcolor=\"#6699cc\">\n<tbody>\n<tr>\n<td colspan=\"3\" height=\"59\">\n<div align=\"center\"><span style=\"color: #0000ff; font-size: xx-large;\">Trainingszeiten<\/span><\/div>\n<div align=\"center\">Formare Times \/ \u041e\u0431\u0443\u0447\u0435\u043d\u0438\u0435 \u0422\u0430\u0439\u043c\u0441<\/div>\n<\/td>\n<\/tr>\n<tr>\n<td width=\"13%\" height=\"29\"><span style=\"color: #000000;\"><strong>Montag:<\/strong><\/span><\/td>\n<td width=\"15%\"><span style=\"color: #000000;\"><strong><em>16:30-18:00 Uhr<\/em><\/strong><\/span><\/td>\n<td colspan=\"2\"><span style=\"color: #000000;\">U10 Anf\u00e4nger (6 bis 9 Jahre)<\/span><\/td>\n<\/tr>\n<tr>\n<td rowspan=\"2\"><span style=\"color: #000000;\"><strong>Dienstag:<\/strong><\/span><\/td>\n<td height=\"29\"><span style=\"color: #000000;\"><strong><em>17:00-18:30 Uhr<\/em><\/strong><\/span><\/td>\n<td colspan=\"2\"><span style=\"color: #000000;\">U13\/U15 (11 Jahre) Fortgeschrittene u. Wettk\u00e4mpfer*innen. Anf\u00e4nger ab 11 Jahre<\/span><\/td>\n<\/tr>\n<tr>\n<td height=\"29\"><span style=\"color: #000000;\"><strong><em>18:30-20:00 Uhr<\/em><\/strong><\/span><\/td>\n<td colspan=\"2\"><span style=\"color: #000000;\">U18\/U21 (16 Jahre) sowie Frauen u. M\u00e4nner. Plus MMA Gruppe Frauen u. M\u00e4nner<\/span><\/td>\n<\/tr>\n<tr>\n<td rowspan=\"2\"><span style=\"color: #000000;\"><strong>Mittwoch:<\/strong><\/span><\/td>\n<td height=\"29\"><span style=\"color: #000000;\"><strong><em>16:30-18:00 Uhr<\/em><\/strong><\/span><\/td>\n<td colspan=\"2\">U9\/U11 (8-10 Jahre) Fortgeschrittene u. Wettk\u00e4mpfer*innen.<\/td>\n<\/tr>\n<tr>\n<td height=\"29\"><span style=\"color: #000000;\"><strong><em>18:00-19:30 Uhr<\/em><\/strong><\/span><\/td>\n<td colspan=\"2\"><span style=\"color: #000000;\">U15\/U18\/U21 Frauen M\u00e4nner Fortgeschrittene Wettk\u00e4mpfer*innen. Training f\u00fcr G\u00fcrtelpr\u00fcfung u. Individualtraining<\/span><\/td>\n<\/tr>\n<tr>\n<td rowspan=\"3\"><span style=\"color: #000000;\"><strong>Donnerstag:<\/strong><\/span><\/td>\n<td height=\"29\"><span style=\"color: #000000;\"><strong><em>16:30-18:00 Uhr<\/em><\/strong><\/span><\/td>\n<td colspan=\"2\"><span style=\"color: #000000;\">U9\/U11 (8-10 Jahre) Fortgeschrittene Wettk\u00e4mpfer*innen\u00a0<\/span>\u00a0<\/td>\n<\/tr>\n<tr>\n<td height=\"29\"><span style=\"color: #000000;\"><strong><em>18:00-19:30 Uhr<\/em><\/strong><\/span><\/td>\n<td colspan=\"2\">U13\/U15 (11-15 Jahre) Fortgeschrittene u. Wettk\u00e4mpfer*innen.<\/td>\n<\/tr>\n<tr>\n<td height=\"29\"><span style=\"color: #000000;\"><strong><em>19:30-21:00 Uhr<\/em><\/strong><\/span><\/td>\n<td colspan=\"2\">U18\/U21 (16 Jahre) sowie Frauen u. M\u00e4nner. Plus MMA Gruppe Frauen u. M\u00e4nner<\/td>\n<\/tr>\n<tr>\n<td rowspan=\"4\"><span style=\"color: #000000;\"><strong>Freitag:<\/strong><\/span><\/td>\n<td height=\"29\"><strong><em>15:00-16:30 Uhr<\/em><\/strong><\/td>\n<td colspan=\"2\">Anf\u00e4nger (ab 4-5 Jahre)<\/td>\n<\/tr>\n<tr>\n<td height=\"29\">16.30-18:00 Uhr<\/td>\n<td colspan=\"2\"><span style=\"color: #000000;\">U9\/U11 Anf\u00e4nger*innen (7-10 Jahre)<\/span><\/td>\n<\/tr>\n<tr>\n<td height=\"29\"><span style=\"color: #000000;\"><strong><em>18:00-19:30 Uhr<\/em><\/strong><\/span><\/td>\n<td colspan=\"2\"><span style=\"color: #000000;\">Judo Fitnessgruppe: U16\/U18\/U21, \u00c4ltere Anf\u00e4nger u. Wiedereinsteiger<\/span><\/td>\n<\/tr>\n<tr>\n<td height=\"29\"><span style=\"color: #000000;\"><strong><em>19:30-21:00 Uhr<\/em><\/strong><\/span><\/td>\n<td colspan=\"2\"><span style=\"color: #000000;\"><span style=\"color: #000000;\">Brazilian Jiu Jitsu (BJJ) mit Kim<\/span><br \/><\/span><\/td>\n<\/tr>\n<tr>\n<td rowspan=\"1\"><span style=\"color: #000000;\"><strong>Samstag:<\/strong><\/span><\/td>\n<td height=\"29\"><span style=\"color: #000000;\"><strong><em>18:00-20:30 Uhr<\/em><\/strong><\/span><\/td>\n<td colspan=\"2\"><span style=\"color: #000000;\"><span style=\"color: #000000;\">MMA mit David u. Michael<\/span><\/span><\/td>\n<\/tr>\n<tr>\n<td colspan=\"4\" height=\"67\">\n<div align=\"center\"><span style=\"color: #0000ff; font-size: large;\">Bei Unklarheiten und Fragen:<br \/>Dieter Zimmermann <\/span><\/div>\n<div align=\"center\"><span style=\"color: #0000ff; font-size: large;\">Tel.: 08341-17239<br \/>Handy: 015170140190<br \/><\/span><\/div>\n<\/td>\n<\/tr>\n<\/tbody>\n<\/table>\n<table border=\"1\" width=\"60%\" align=\"center\" bgcolor=\"#6699cc\">\n<tbody>\n<tr>\n<td height=\"28\">\n<div align=\"center\"><span style=\"color: #cc0000; font-size: large;\"><strong><em>gemeinsames Training f\u00fcr alle Judoka in den Ferien<\/em><\/strong><\/span><\/div>\n<\/td>\n<\/tr>\n<tr>\n<td>\n<div align=\"center\"><span style=\"color: #0000ff; font-size: large;\"><strong>Uhrzeit und Tag gem\u00e4\u00df Ansage im Training<\/strong><\/span><\/div>\n<div align=\"center\">\u00a0<\/div>\n<div align=\"center\"><span style=\"color: #0000ff; font-size: large;\"><span style=\"color: #0000ff; font-size: large;\">Jeden letzten Freitag im Monat: Offener Kaderst\u00fctzpunkt (Bezirk) in Kaufbeuren<\/span><\/span>\n<div align=\"center\">\u00a0<\/div>\n<\/div>\n<\/td>\n<\/tr>\n<\/tbody>\n<\/table>\n<\/div>","protected":false},"excerpt":{"rendered":"<p>Trainingszeiten Formare Times \/ \u041e\u0431\u0443\u0447\u0435\u043d\u0438\u0435 \u0422\u0430\u0439\u043c\u0441 Montag: 16:30-18:00 Uhr U10 Anf\u00e4nger (6 bis 9 Jahre) Dienstag: 17:00-18:30 Uhr U13\/U15 (11 Jahre) Fortgeschrittene u. Wettk\u00e4mpfer*innen. Anf\u00e4nger ab 11 Jahre 18:30-20:00 Uhr U18\/U21 (16 Jahre) sowie Frauen u. M\u00e4nner. Plus MMA Gruppe &hellip; <a href=\"http:\/\/www.judo-kaufbeuren.de\/newsBlog\/?page_id=256\">Weiterlesen <span class=\"meta-nav\">&rarr;<\/span><\/a><\/p>\n","protected":false},"author":2,"featured_media":0,"parent":0,"menu_order":0,"comment_status":"closed","ping_status":"closed","template":"","meta":{"footnotes":""},"_links":{"self":[{"href":"http:\/\/www.judo-kaufbeuren.de\/newsBlog\/index.php?rest_route=\/wp\/v2\/pages\/256"}],"collection":[{"href":"http:\/\/www.judo-kaufbeuren.de\/newsBlog\/index.php?rest_route=\/wp\/v2\/pages"}],"about":[{"href":"http:\/\/www.judo-kaufbeuren.de\/newsBlog\/index.php?rest_route=\/wp\/v2\/types\/page"}],"author":[{"embeddable":true,"href":"http:\/\/www.judo-kaufbeuren.de\/newsBlog\/index.php?rest_route=\/wp\/v2\/users\/2"}],"replies":[{"embeddable":true,"href":"http:\/\/www.judo-kaufbeuren.de\/newsBlog\/index.php?rest_route=%2Fwp%2Fv2%2Fcomments&post=256"}],"version-history":[{"count":19,"href":"http:\/\/www.judo-kaufbeuren.de\/newsBlog\/index.php?rest_route=\/wp\/v2\/pages\/256\/revisions"}],"predecessor-version":[{"id":2481,"href":"http:\/\/www.judo-kaufbeuren.de\/newsBlog\/index.php?rest_route=\/wp\/v2\/pages\/256\/revisions\/2481"}],"wp:attachment":[{"href":"http:\/\/www.judo-kaufbeuren.de\/newsBlog\/index.php?rest_route=%2Fwp%2Fv2%2Fmedia&parent=256"}],"curies":[{"name":"wp","href":"https:\/\/api.w.org\/{rel}","templated":true}]}}